 Calculate the highest common factor of t and 204.
12
Suppose 12 = u - 4. Let w be ((-84)/u)/(1/(-4)). Suppose 0 = a + h - 11 - 33, 0 = 2*h - 4. What is the greatest common divisor of w and a?
21
Let t = -180 + 187. What is the highest common divisor of t and 7?
7
Let j = -72 - -76. Suppose -14 = u - j*l, 3*u = -3*l + 7*l - 10. What is the greatest common divisor of u and 10?
2
Suppose -a - 23 = -4*w, -3*w + 13 + 5 = -a. Suppose -w*m = -8 - 82. Calculate the greatest common factor of m and 63.
9
Let b = -1140 + 1690. Calculate the greatest common factor of 50 and b.
50
Suppose 4*a - 8 = -1124. Let l = a - -414. Calculate the highest common factor of l and 15.
15
Let i be 2288/78*60/8. Calculate the highest common divisor of 180 and i.
20
Let z be (-7)/(-28) - 70/(-8). Let n(a) = 2*a**3 + 2*a**2 - 2*a - 11. Let m be n(5). Calculate the greatest common divisor of z and m.
9
Suppose w = 18 + 102. Suppose -72 = -3*l + 2*q, -5*q = 4*l + l - w. What is the highest common factor of 60 and l?
12
Let o(f) = 29*f + 2. Let u be o(-2). Let x = u - -79. Let g(h) = 32*h**3 - h**2 + 2*h - 3. Let s be g(2). Calculate the greatest common divisor of x and s.
23
Let o = 170 + -90. What is the highest common factor of 32 and o?
16
Let s(v) = 19*v**2 + 41*v - 4. Let g be s(-7). What is the highest common factor of g and 64?
64
Suppose -47 + 313 = 7*x. Let c be (-4)/(-6) + 28/21. What is the highest common factor of c and x?
2
Let o(n) = -5*n - 2. Let c be o(-5). Let a be 4/(-30) + 30073/435. What is the highest common divisor of a and c?
23
Suppose 0 = -4*c - 5*q + 15 + 68, 0 = 2*c + 2*q - 40. Calculate the greatest common divisor of c and 2.
1
Let i = 35 + -28. What is the greatest common divisor of 3 and i?
1
Suppose -8*f - 7 + 399 = 0. Calculate the highest common divisor of f and 7.
7
Suppose 0*l = -l - 4*s, -3*l + 2*s + 14 = 0. Let g(v) = -v**2 - 14*v. Let w be g(-8). Suppose 7*o = l*o + w. Calculate the greatest common divisor of 4 and o.
4
Let z(g) = 210*g + 130. Let r be z(3). Calculate the greatest common factor of r and 95.
95
Let f = 23 + -18. Suppose f*g = -6 + 31. What is the highest common divisor of 65 and g?
5
Let q be ((-11)/(-33))/(1*2/24). Suppose -q*g = -13 - 23. Suppose 3*a - 177 = 39. What is the highest common factor of g and a?
9
Let l be -13 + (-1 - -29)/4 - -26. Suppose 4*a + 6 = -2*v - 0, 0 = -4*v + 4*a + 36. Suppose 3*d = 4*d - v. What is the greatest common factor of l and d?
5
Suppose 2*x = 8, -14*x = -3*r - 19*x + 176. Let o(z) = 415*z**2 - 2*z - 1. Let v be o(-1). What is the highest common factor of v and r?
52
Let x = -4 - -25. Let f = 129 + -66. What is the greatest common factor of f and x?
21
Let v be 38/57 - (-2780)/6. Calculate the highest common factor of v and 29.
29
Suppose -4*n + 14 + 14 = 0. Let i be (10/(-6))/(n/(-63)). What is the greatest common factor of i and 165?
15
Let q be (-11)/55 - (-2322)/10. Calculate the greatest common divisor of q and 58.
58
Let j be (0 - -6) + (5 - 9). Suppose -3*p = -a - j*a - 375, 2*p = a + 245. Suppose -8*q + 3*q = -p. What is the greatest common divisor of q and 6?
6
Suppose 0*a + 2 = a, 0 = -v + a + 33. Let z be 4/(-14) - (-2110)/v. Calculate the greatest common divisor of 20 and z.
20
Suppose -3*n + 39 = l, 2*n - 27 + 205 = 5*l. What is the highest common factor of l and 84?
12
Let s = 247 + -246. What is the greatest common divisor of 4 and s?
1
Suppose -3*g + 6*s - 11*s = -126, -196 = -4*g - 2*s. Let c be 16/6*9/6. Calculate the highest common divisor of c and g.
4
Suppose -2*q + 353 = 12*y - 7*y, -4*y + 292 = 4*q. What is the highest common factor of y and 1104?
69
Let z = -98 - -94. Let a = z + 92. Calculate the highest common divisor of a and 8.
8
Let y(b) = -b**2 - b + 8. Suppose -2*m = 3*m. Let q be y(m). Let o(h) = -6*h - 20. Let d be o(-6). What is the greatest common divisor of q and d?
8
Let z be (-3)/90*-6 + 119/5. Suppose -5*m = -6*m + z. What is the highest common divisor of m and 40?
8
Suppose 16 = -3*a + 11*a. Suppose 2*t - a*y - 88 = 0, 7*t - y - 188 = 3*t. Calculate the highest common factor of 12 and t.
12
Let o = 152 + 112. Suppose 3*l + 0*l - 6 = 0. Suppose l + 31 = k. What is the highest common factor of k and o?
33
Let m be -5 + 226 + -1 + 4. Calculate the highest common divisor of 32 and m.
32
Let l = 8 - 7. Calculate the highest common factor of l and 9.
1
Let z = -2 + -4. Let x(j) = -j - 4. Let s be x(z). Let o(q) = q**3 - q**2 + 2*q - 3. Let r be o(s). What is the highest common divisor of r and 25?
5
Suppose 56 = -4*n + 6*n. Let l = -5 - -9. What is the highest common factor of n and l?
4
Let p(k) = -k**3 - 22*k**2 + 19*k - 20. Let w be p(-23). What is the highest common factor of w and 8?
8
Suppose 2*w + 5*p - 4*p + 36 = 0, w + 5*p + 9 = 0. Let b(x) = -6*x + 61. Let r be b(w). What is the greatest common divisor of r and 70?
35
Let s be (3 - 35)*(-6)/8. Let w = -98 + 101. Suppose 9 = 4*k + b, w = -5*k + 4*b + 30. Calculate the greatest common factor of k and s.
3
Let u = -31 + 33. Suppose -u - 3 = -5*d + 5*o, -15 = -3*d - 3*o. Suppose -q - r = -12, r - 3*r - 66 = -4*q. Calculate the highest common factor of d and q.
3
Let d(t) = -3*t + 6. Let l(u) = 2*u - 7. Let a(i) = -3*d(i) - 2*l(i). Let v be a(3). What is the greatest common factor of 55 and v?
11
Let a be (24/(-20))/((16/(-10))/4). Suppose 5*c - 3*c - 37 = -a*k, 4*k = 5*c + 80. What is the greatest common factor of k and 5?
5
Let f(o) = 8*o**2 + 20*o + 4. Let v be f(2). Calculate the greatest common factor of v and 16.
4
Let f(q) = q**3 + 9*q**2 + 4*q - 18. Let s be 15/(-11 + 6) + -3. Let n be f(s). Suppose 7*x = 4*x + 132. What is the highest common factor of n and x?
22
Suppose -10*l - 395 = -25. Let r = l + 49. Calculate the highest common divisor of r and 48.
12
Let a(k) = 92*k - 2. Suppose 2 + 1 = -3*y, 5*d - 5*y = 55. Suppose 3*i = 7*i - j - 9, -2*j = d. Let h be a(i). What is the highest common divisor of h and 36?
18
Let r be 1/2*10 - (-186 + 74). Suppose -2*j - 52 = -6*j. Calculate the highest common factor of j and r.
13
Let p(l) = -36*l + 731. Let y be p(0). What is the greatest common factor of 215 and y?
43
Suppose -g + 6 = g. Suppose 5*y - g*y = 234. Let u(h) = 39*h**2. Let p be u(1). Calculate the highest common divisor of p and y.
39
Let o = 516 - 495. Calculate the highest common factor of o and 609.
21
Suppose 12*r - 2992 = -5*r. What is the highest common divisor of r and 16?
16
Suppose -5*c + 7*y + 220 = 3*y, -y = -4*c + 165. What is the greatest common divisor of c and 48?
8
Let x = -48 + 66. Let z = 5 + -10. Let j(b) = b**2 - 4*b. Let d be j(z). Calculate the greatest common divisor of x and d.
9
Let l be (-3 + -14)/((-2)/44). Let a(c) = -7*c - 8. Let r be a(-6). Suppose -7*i - r = -8*i. Calculate the greatest common divisor of i and l.
34
Suppose -155 - 475 = -42*g. What is the greatest common factor of 10 and g?
5
Suppose 5*d + 120 = 5*t, 2*t + t - 4*d - 75 = 0. Let g = -1352 + 1436. What is the highest common factor of t and g?
21
Suppose -5*n + 12 = -13. Let a(w) = -6 + 0 + 2*w**2 + n*w - 4 + 3. Let d be a(-5). What is the greatest common factor of d and 36?
18
Let c = -1490 + 1890. What is the greatest common divisor of c and 48?
16
Let q(g) = -3*g + 7. Let a be q(5). Let x = 7 - a. Calculate the greatest common factor of x and 60.
15
Suppose -2*a = -c - 3, 8*a - 9 = 2*c + 3*a. Let o be -3*(-4)/c - 4 - -30. Calculate the greatest common divisor of o and 10.
10
Let p(i) = -7*i + 31. Let k be p(14). Let z = k + 87. What is the highest common factor of 220 and z?
20
Let d = 516 + -511. What is the greatest common divisor of d and 75?
5
Suppose -4*f - f + a + 22 = 0, -4*a = 2*f - 22. Suppose 210 = 4*v + 50. Suppose 0*s - v = -s. What is the greatest common factor of f and s?
5
Let r(m) = 23*m**3 + 5*m**2 + 6*m - 22. Let g be r(2). What is the highest common divisor of g and 291?
97
Let y(a) = a**3 + 11*a**2 + 9*a - 5. Let c be y(-10). Calculate the highest common factor of 80 and c.
5
Let a be (26/4)/((-1)/4). Let u be 3/3 - 156/4. Let h = a - u. Calculate the highest common divisor of 132 and h.
12
Let y = 1966 - 1912. Suppose 0 = -5*f + 3*f - 2. Let g = f + 19. Calculate the greatest common factor of y and g.
18
Let n = 1 + 2. Let b(a) = -182*a + 2939. Let z be b(16). W